NOAA-style Climate Reports

Select a Year or Month report
2017 > Jan Feb Mar Apr May Jun Jul Aug Sep Oct Nov Dec
2016 > Jan Feb Mar Apr May Jun Jul Aug Sep Oct Nov Dec
2015 > Jan Feb Mar Apr May Jun Jul Aug Sep Oct Nov Dec
2014 > Jan Feb Mar Apr May Jun Jul Aug Sep Oct Nov Dec
2013 > Jan Feb Mar Apr May Jun Jul Aug Sep Oct Nov Dec
2012 > Jan Feb Mar Apr May Jun Jul Aug Sep Oct Nov Dec
2011 > Jan Feb Mar Apr May Jun Jul Aug Sep Oct Nov Dec
2010 > Jan Feb Mar Apr May Jun Jul Aug Sep Oct Nov Dec
2009 > Jan Feb Mar Apr May Jun Jul Aug Sep Oct Nov Dec
2008 > Jan Feb Mar Apr May Jun Jul Aug Sep Oct Nov Dec

Report for 2011 Jul
                   Monthly Climatological Summary for Jul 2011

Name: test   City: beteljuiceton   State: Confused
Elevation: 5 m  Lat: N 59 14' 33"   Lon: W 002 35' 16"

                  Temperature (C), Rain (mm), Wind Speed (mph)

                                      Heat  Cool        Avg
    Mean                              Deg   Deg         Wind                 Dom
Day Temp  High   Time   Low    Time   Days  Days  Rain  Speed High   Time    Dir
----------------------------------------------------------------------------------
 1  11.2  16.1   13:04   4.6   03:47   0.0   0.0   0.0   8.8  19.0   11:55    NW
 2  11.0  16.8   09:27   4.7   03:12   0.0   0.0   0.0   5.8  17.0   16:41   NNE
 3  13.7  17.4   12:05  11.8   03:13   0.0   0.0   0.0   3.2  13.0   12:48   ENE
 4  13.4  15.2   12:06  12.2   03:30   0.0   0.0   0.0   6.3  23.0   09:32   ESE
 5  12.8  14.6   12:05  12.0   22:38   0.0   0.0   0.0  11.0  26.0   12:25   ESE
 6  13.7  15.7   12:51  12.3   04:00   0.0   0.0   0.4  13.5  29.0   16:59     E
 7  14.3  16.9   13:15  12.7   02:39   0.0   0.0   0.4  12.0  28.0   10:53     E
 8  14.4  17.1   14:00  12.6   03:16   0.0   0.0   1.4  10.2  22.0   10:57     E
 9  14.0  17.1   13:01  11.8   04:51   0.0   0.0   1.8   6.5  22.0   04:12    NE
10  12.9  17.5   14:22  10.4   02:30   0.0   0.0   0.8   9.5  19.0   12:39   NNW
11  11.8  15.3   15:02   8.9   04:22   0.0   0.0   0.0   8.2  19.0   11:17     N
12   9.9  14.4   16:43   3.2   03:18   0.1   0.0   0.0   5.8  16.0   12:57   NNE
13  12.9  14.8   11:38  11.6   03:45   0.0   0.0   0.0   4.2  17.0   05:30   ESE
14  13.4  15.7   13:33   9.8   04:55   0.0   0.0   0.0  10.0  22.0   11:13     S
15  14.1  16.0   13:28  13.1   05:44   0.0   0.0   0.6   6.7  28.0   07:30   SSE
16  13.6  14.7   09:59  13.2   03:33   0.0   0.0   8.8  11.5  29.0   01:19   ESE
17  13.8  16.6   12:02  10.4   23:41   0.0   0.0   0.4  11.9  19.0   10:04   ENE
18  14.0  16.6   12:17  12.3   00:20   0.0   0.0   0.0   9.9  25.0   09:02   NNE
19  12.1  15.4   11:52  10.0   09:48   0.0   0.0   0.8  14.7  28.0   13:32   NNW
20  10.5  13.6   14:21   8.3   00:00   0.4   0.0   0.8  10.4  24.0   15:25     N
21  11.6  15.1   16:11   9.9   02:50   0.0   0.0   0.0   7.0  22.0   08:33   NNW
22  11.3  13.7   11:21   9.9   22:43   0.0   0.0   0.0  13.5  31.0   08:20     N
23  11.5  13.2   13:50  10.6   22:42   0.0   0.0   0.0  18.9  37.0   15:39   NNW
24  11.4  13.6   14:27  10.7   00:56   0.0   0.0   2.6  21.4  37.0   17:37   NNW
25  11.1  12.4   16:13   9.4   04:37   0.0   0.0   0.2  13.9  23.0   14:12   NNW
26  12.3  14.7   14:39  10.9   22:53   0.0   0.0   0.0   7.5  17.0   09:55   NNE
27  13.2  15.4   13:40  11.6   02:06   0.0   0.0   1.0   5.0  22.0   08:45   SSE
28  12.7  16.3   16:36  10.2   01:47   0.0   0.0   0.2   9.7  24.0   16:33    NW
29  12.5  16.3   13:05  10.7   04:42   0.0   0.0   0.0   7.7  22.0   15:57    NW
30  11.9  14.3   12:53  10.6   21:37   0.0   0.0   0.0   3.9  23.0   08:19   ESE
31  12.8  14.4   09:28  11.9   10:00   0.0   0.0   0.4  10.9  29.0   18:50    SE
----------------------------------------------------------------------------------
    12.6  17.5    10     3.2    12     0.5   0.0  20.6   9.7  37.0    23     NNE

Max >=  20.0:  0
Max <=   0.0:  0
Min <=   0.0:  0
Min <=  -5.0:  0
Max Rain: 8.8 on day 16
Days of Rain: 15 (> 0.2 mm)  2 (> 2.0 mm)  0 (> 20.0 mm)
Heat Base: 10.0  Cool Base: 20.0  Method: Integration