NOAA-style Climate Reports

Select a Year or Month report
2019 > Jan Feb Mar Apr May Jun Jul Aug Sep Oct Nov Dec 2018 > Jan Feb Mar Apr May Jun Jul Aug Sep Oct Nov Dec 2017 > Jan Feb Mar Apr May Jun Jul Aug Sep Oct Nov Dec 2016 > Jan Feb Mar Apr May Jun Jul Aug Sep Oct Nov Dec 2015 > Jan Feb Mar Apr May Jun Jul Aug Sep Oct Nov Dec 2014 > Jan Feb Mar Apr May Jun Jul Aug Sep Oct Nov Dec 2013 > Jan Feb Mar Apr May Jun Jul Aug Sep Oct Nov Dec 2012 > Jan Feb Mar Apr May Jun Jul Aug Sep Oct Nov Dec 2011 > Jan Feb Mar Apr May Jun Jul Aug Sep Oct Nov Dec 2010 > Jan Feb Mar Apr May Jun Jul Aug Sep Oct Nov Dec 2009 > Jan Feb Mar Apr May Jun Jul Aug Sep Oct Nov Dec 2008 > Jan Feb Mar Apr May Jun Jul Aug Sep Oct Nov Dec

Report for 2008 Nov
                   Monthly Climatological Summary for Nov 2008

Name: test   City: beteljuiceton   State: Confused
Elevation: 642 ft  Lat: N 43 02' 09"   Lon: W 076 14' 49"

                  Temperature (F), Rain (in), Wind Speed (mph)

                                      Heat  Cool        Avg
    Mean                              Deg   Deg         Wind                 Dom
Day Temp  High   Time   Low    Time   Days  Days  Rain  Speed High   Time    Dir
----------------------------------------------------------------------------------
 1  37.0  38.5   22:47  35.8   07:01  28.0   0.0  0.15   2.3  14.5   23:50   NNW
 2  43.5  55.4   15:23  33.6   06:49  21.5   0.0  0.00   7.5  22.1   17:44    NW
 3  44.0  55.6   16:57  34.5   07:02  21.0   0.0  0.00   5.7  15.9   13:08    NW
 4  49.8  61.2   18:09  38.8   02:16  15.2   0.0  0.56   5.8  22.1   22:48     S
 5  39.4  59.9   00:56  33.3   08:44  25.6   0.0  0.52   6.7  19.7   17:02    NW
 6  38.5  46.9   12:33  32.5   02:38  26.5   0.0  0.01   4.3  15.9   12:38     W
 7  42.3  60.1   15:28  31.1   06:11  22.7   0.0  0.01   2.4  13.0   17:21   NNE
 8  43.3  55.4   15:57  31.8   05:15  21.7   0.0  0.00   1.9   9.2   11:05   SSE
 9  51.4  77.2   13:47  37.4   01:48  13.6   0.0  0.00   2.3  12.1   09:37   SSW
10  54.5  66.7   17:48  41.7   05:13  10.5   0.0  0.00   3.9  17.4   23:22     S
11  68.1  84.2   15:46  55.6   23:55   0.0   3.1  0.00  10.3  38.0   20:28    SW
12  51.0  62.1   15:41  43.3   07:44  14.0   0.0  0.00   5.4  19.7   01:04     N
13  45.0  53.2   00:00  43.0   04:49  20.0   0.0  0.59   2.1  12.1   00:18    NE
14  45.9  53.8   12:23  37.9   23:58  19.1   0.0  0.01   5.2  15.9   14:07   NNW
15  43.0  56.1   14:57  28.6   06:02  22.0   0.0  0.01   2.7  16.8   16:01    NE
16  45.5  50.5   16:15  40.8   10:10  19.5   0.0  0.27   5.0  19.0   13:28   ESE
17  42.3  50.2   13:39  35.4   21:29  22.7   0.0  0.32   7.6  26.6   18:01     W
18  37.5  43.7   13:38  34.3   06:30  27.5   0.0  0.04   4.3  15.2   04:57     W
19  38.3  43.3   16:08  32.7   06:42  26.7   0.0  0.09   2.0   9.8   12:45   ENE
20  49.8  71.4   14:36  38.8   00:30  15.2   0.0  0.58   7.3  37.4   19:53     W
21  39.5  43.2   00:00  34.0   23:58  25.5   0.0  0.01   9.1  25.9   16:13    NW
22  42.9  56.5   15:06  31.3   02:12  22.1   0.0  0.00   3.4  16.8   23:21    SE
23  52.8  70.2   17:18  38.5   04:10  12.2   0.0  0.48   6.7  27.3   10:44   SSE
24  50.4  59.7   00:23  43.2   23:22  14.6   0.0  0.05   1.8  12.1   00:40   WNW
25  50.2  59.7   12:27  42.1   03:00  14.8   0.0  0.43   1.6   8.3   15:30   ENE
26  61.0  80.4   14:31  51.3   00:00   4.0   0.0  1.63   2.2  21.3   15:26   ESE
27  71.7  84.0   14:28  62.6   04:59   0.0   6.7  0.44   5.9  23.5   13:12   SSE
28  66.7  76.6   13:57  50.9   23:58   0.0   1.7  0.37   7.5  27.3   09:56    SW
29  48.2  54.7   14:06  43.7   16:58  16.8   0.0  0.01   4.0  20.6   15:20     W
30  51.5  65.1   17:55  42.8   04:02  13.5   0.0  0.00   3.9  18.3   13:04   NNW
----------------------------------------------------------------------------------
    48.2  84.2    11    28.6    15   516.5  11.5  6.58   4.7  38.0    11       W

Max >=  90.0:  0
Max <=  75.0: 25
Min <=  32.0:  4
Min <=   0.0:  0
Max Rain: 1.63 on day 26
Days of Rain: 21 (> 0.01 in)  12 (> 0.10 in)  1 (> 1.00 in)
Heat Base: 65.0  Cool Base: 65.0  Method: Integration